{"id":1353,"date":"2026-02-26T14:11:24","date_gmt":"2026-02-26T13:11:24","guid":{"rendered":"https:\/\/mustihk.signon.no\/?post_type=product&#038;p=1353"},"modified":"2026-03-27T09:44:49","modified_gmt":"2026-03-27T08:44:49","slug":"unisex-active-cardigan-2","status":"publish","type":"product","link":"https:\/\/mustihk.signon.no\/index.php\/product\/unisex-active-cardigan-2\/","title":{"rendered":"Unisex Active cardigan"},"content":{"rendered":"<p>Cardigan med ton-i-ton glidel\u00e5s. To sidelommer og lomme med glidel\u00e5s p\u00e5 ermet. Herringbone nakkeb\u00e5nd og ribb i nederkant og ermavslutning. Tilpasset for hodetelefoner. Spun dyed.<\/p>\n<p>100 % Polyester<\/p>\n","protected":false},"excerpt":{"rendered":"<p>Cardigan med ton-i-ton glidel\u00e5s. To sidelommer og lomme med glidel\u00e5s p\u00e5 ermet. Herringbone nakkeb\u00e5nd og ribb i nederkant og ermavslutning. Tilpasset for hodetelefoner. Spun dyed. 100 % Polyester<\/p>\n","protected":false},"featured_media":1362,"template":"","meta":[],"_links":{"self":[{"href":"https:\/\/mustihk.signon.no\/index.php\/wp-json\/wp\/v2\/product\/1353"}],"collection":[{"href":"https:\/\/mustihk.signon.no\/index.php\/wp-json\/wp\/v2\/product"}],"about":[{"href":"https:\/\/mustihk.signon.no\/index.php\/wp-json\/wp\/v2\/types\/product"}],"wp:featuredmedia":[{"embeddable":true,"href":"https:\/\/mustihk.signon.no\/index.php\/wp-json\/wp\/v2\/media\/1362"}],"wp:attachment":[{"href":"https:\/\/mustihk.signon.no\/index.php\/wp-json\/wp\/v2\/media?parent=1353"}],"curies":[{"name":"wp","href":"https:\/\/api.w.org\/{rel}","templated":true}]}}